 of c?
53
Suppose -2289 = 23*m - 30*m. List the prime factors of m.
3, 109
Suppose 3*s + s = 16. What are the prime factors of ((-22)/s)/((-3)/6)?
11
List the prime factors of 1*(0 + 108 - -2).
2, 5, 11
Let n be 25/5*(-12)/10. List the prime factors of n*(112/(-6))/4.
2, 7
Let c(o) = o. Let q be c(2). Suppose 0 = -q*v + 10 + 20. What are the prime factors of v?
3, 5
Suppose -134 = 5*f - 324. Suppose -2*v + f - 8 = 0. What are the prime factors of v?
3, 5
Suppose -7*u + 4*u = -129. List the prime factors of u.
43
Suppose 0 = -f + 5, -r - 31 = -3*r - 3*f. Let j = r - 0. List the prime factors of j.
2
List the prime factors of -3 + 2 + 58 + -3.
2, 3
Suppose s - 13 = -0*s. Let l = s - -7. What are the prime factors of l?
2, 5
Let z(x) = -x**2 - 8*x. Let n(v) = -v**2 - 9*v - 1. Let f(y) = -3*n(y) + 4*z(y). Let o(s) = s. Let j be o(-4). List the prime factors of f(j).
7
What are the prime factors of 3 - (-1 + 121)/(-3)?
43
Suppose 5*h = -4*b + 49, -3*h - 4*b + 11 = -12. What are the prime factors of h?
13
Let l = -12 - 18. Let f = -18 - l. What are the prime factors of f?
2, 3
Let f(q) be the first derivative of -q**2/2 + 2*q + 3. Let i be f(0). What are the prime factors of 3/(-1 - i)*-6?
2, 3
Let n = -23 + 77. List the prime factors of n.
2, 3
Suppose -2*k + 6 = -0*k. Suppose 12 = k*p + 42. Let g = 0 - p. List the prime factors of g.
2, 5
Suppose -q + 1 = -41. Suppose 2*p = -p + q. What are the prime factors of p?
2, 7
Let p(g) = -g + 25. Let l be p(0). Suppose -l = -8*i + 3*i. List the prime factors of i.
5
Let r(h) = -h**2 + 3*h + 134. What are the prime factors of r(0)?
2, 67
Let c = 19 + -5. Let s = 46 - c. What are the prime factors of s?
2
Suppose 0 = x - 3*z - 36, 2*x = 3*x + z - 56. What are the prime factors of x?
3, 17
Let n = 75 + -73. List the prime factors of n.
2
Suppose 0 = r - 15 - 12. List the prime factors of r.
3
Let x be -5 - 3/((-3)/2). List the prime factors of (-208)/(-24) + 2/x.
2
Suppose 3*y - 4*h = -2*h + 59, 3*y + 3*h = 84. Suppose x + 4*w = 17 - 5, w = 3*x - y. What are the prime factors of x?
2
Let m = 16 + -10. Suppose v - 3*v - 4*k + 14 = 0, -4*k = -3*v + 1. Suppose 4*t - m = v*t. What are the prime factors of t?
2, 3
Suppose -8*c = -6*c - 46. What are the prime factors of c?
23
Suppose 0*g = -2*g. Suppose 0 = -g*q - q + 13. Suppose 2*r + q = 5*r + 5*h, 2*h + 2 = 0. List the prime factors of r.
2, 3
Suppose -2*h = 3*q + q - 174, -5*h + 107 = 2*q. Let z = -13 + q. List the prime factors of z.
2, 7
Let m(h) = -5*h + 4*h - 3 + 2*h. Suppose 0 = -2*l - 2, -4*k + 0*l = 4*l - 24. What are the prime factors of m(k)?
2
Let g(j) be the second derivative of 1/6*j**4 + 0 + 0*j**3 - 1/2*j**2 - 9/20*j**5 + 2*j. List the prime factors of g(-1).
2, 5
Suppose -4*z = -0*z. Suppose 2*w - 5*k - 16 = z, 35 = 4*w - 5*k + 3. What are the prime factors of w?
2
Let d = -111 + 161. List the prime factors of d.
2, 5
Suppose 0 = -3*b + 442 + 182. What are the prime factors of 6/(-15) - b/(-20)?
2, 5
What are the prime factors of -14*(0 - (3 - 2))?
2, 7
Let z(b) = 19*b - 1. What are the prime factors of z(1)?
2, 3
Let j(h) = h**3 + 4*h**2 - 5*h + 1. Let t be j(-5). Let x = 5 - t. List the prime factors of (x/(-12))/(2/(-30)).
5
Suppose -k + 0*q - 4*q = -8, 2*k + 2*q = 4. What are the prime factors of 39 + 9/(3 + k)?
2, 3, 7
Let n = -6 - -30. Suppose -b - 1 = -n. What are the prime factors of b?
23
Let q(h) = h**3 - 2*h**2 + h + 6. Let t be q(0). Suppose -t = -6*w + 6. List the prime factors of w.
2
Let f(n) = -n**3 + 8*n**2 + 14*n - 1. What are the prime factors of f(7)?
2, 73
Let g = 7 - 38. Let x = -10 - g. What are the prime factors of x?
3, 7
Suppose -4 - 3 = -2*d - 3*j, 4*d - 5*j = 25. Suppose -d = -2*o + 7*o, -38 = -3*f - o. What are the prime factors of f?
13
List the prime factors of (1 - (-21)/(-15))*-460.
2, 23
Let x(s) = 0*s + 3*s - 16 + 5. List the prime factors of x(17).
2, 5
Let o = 75 - 51. List the prime factors of o.
2, 3
Let v be (-8*2)/(-2 + 0). Suppose -n + v + 4 = 0. List the prime factors of n.
2, 3
List the prime factors of 20/(-6)*2457/(-35).
2, 3, 13
Let f(i) = 0*i**2 + 2*i**2 + 2*i - 2*i**3 - 3 + i. Let t be f(-3). Suppose -3*a + t = 2*a. What are the prime factors of a?
2, 3
Suppose -1442 = -9*u + 961. List the prime factors of u.
3, 89
Let p(y) = 2*y - 18. Let s be 212/18 - 16/(-72). What are the prime factors of p(s)?
2, 3
Let g(v) be the first derivative of v**4/4 + 2*v**3 - 4*v**2 - 3*v - 2. Let s be g(-7). Suppose -s*p + 21 = -p. List the prime factors of p.
7
Suppose 176 = 5*z + 51. List the prime factors of 1/2*(z - 1).
2, 3
Let o(k) = -k**3 - 6*k**2 + 6*k - 1. Let s be o(-7). Suppose 0 = 2*z + 10, 3 = -3*r - 3*z + s. List the prime factors of r.
2, 3
Let a(r) = r - 7. Let y be a(7). Suppose 3*v + y = -42. Let x = -9 - v. What are the prime factors of x?
5
Let r = 31 + -6. Suppose -4*l + r = -67. List the prime factors of l.
23
Let q = 5 + -5. Suppose -k + 28 = 5*j, j - k - 2 = -q*k. What are the prime factors of j?
5
Suppose -2*x + 5 + 3 = 0. Suppose -x*t + 13 = 1. List the prime factors of t.
3
What are the prime factors of 0/(-8) + 38/2?
19
Let d(z) = 6*z - 4. What are the prime factors of d(5)?
2, 13
Suppose 2*u + 10 = 7*u. Suppose -i = -4*d + 3*i + 4, -u = -2*d + 3*i. Suppose 21 = 4*w + d. What are the prime factors of w?
5
Let c be 35/21 - (-2)/6. Suppose -q + 3*q = -2*d + 28, -3*q = -d - c. What are the prime factors of d?
2, 5
Let d = 8 - 1. Suppose -12*l = -17*l + 20. Suppose d*k = l*k + 6. List the prime factors of k.
2
Suppose 3*m - 2*m = 19. Suppose -4*l - m - 9 = 0. Let x(r) = -2*r - 6. List the prime factors of x(l).
2
Let o be 9/(-6)*10/15. List the prime factors of (-1)/((o/(-1))/(-14)).
2, 7
Let f(z) = -z**3 + z - 1. Let j(y) = 4*y**3 + 3*y**2 - y + 7. Let w(d) = 5*f(d) + j(d). Let v be w(4). What are the prime factors of v/4*22 - 0?
11
Let u(r) = 2*r - 3. Let d be (9/6)/((-3)/(-6)). What are the prime factors of u(d)?
3
Suppose -18 - 27 = 5*g. Let y be 9/g + 4 + 0. Suppose -70 = -2*z - 3*z - 5*a, 2*z = y*a + 23. List the prime factors of z.
13
Suppose 0 = h + 2*t + 2*t + 1, -2*h - 4*t = -6. What are the prime factors of h?
7
Let m be 10*3 + (-3 - -3). Let q = m + -15. What are the prime factors of q?
3, 5
Let j = -22 + 40. Let b = -5 + j. List the prime factors of b.
13
Suppose 4*t + 3*c - c - 104 = 0, -4*c = -16. What are the prime factors of t?
2, 3
Suppose -3*k = -2*v + 2 + 1, 5 = 3*v - 4*k. Suppose -5*f + 4*c + 14 + 21 = 0, -5*f + v*c + 30 = 0. What are the prime factors of f?
3
Let d = -1 + 2. What are the prime factors of (0 - 1 - -13) + d?
13
Let v(w) = w**3 + w. Let g be v(-1). Let i be -10*(-1 - (2 + g)). Suppose -4*d = 4*x - 36, -3*x - i - 11 = -5*d. List the prime factors of d.
2, 3
Suppose 4*a - a + 8 = 2*q, 4*q + 5*a - 16 = 0. Suppose 0 = q*s - 0*s - 8. Suppose 4*u - 16 = 0, -s*f + 6*u = 2*u + 2. What are the prime factors of f?
7
Let q(f) = -f**3 + 12*f**2 + f + 17. Suppose 3*s - 6 = 30. What are the prime factors of q(s)?
29
Let i(y) = 3*y + 1. Suppose -5*v + 4 = -4*j + 15, 4*j - 21 = -5*v. List the prime factors of i(j).
13
Let g = -4 + 5. Let i(h) = -h**2 - 7*h - 2. Let c be i(-5). Let x = c - g. List the prime factors of x.
7
Let r(h) = h**3 + h - 6. Let v be r(0). Let q be v/((18/(-3))/3). List the prime factors of 2/3*q + 5.
7
Suppose -3*s + 3*l = 2*s - 34, 0 = 4*l + 12. Suppose 0 = -o + 2*o - 5. Suppose -2*q + 24 = f, o*f - 39 = s*q - 99. List the prime factors of q.
2, 3
Suppose 2*q = q + 2. Suppose -4*r + h - 31 + 113 = 0, -5*r - q*h = -109. What are the prime factors of r?
3, 7
Let d be 4/(-18) - (-29)/9. Suppose 32 = 2*y - 3*c + 105, 0 = d*y + 3*c + 87. What are the prime factors of y/(-14) + (-8)/28?
2
Let m = 3 + 0. Suppose -m - 3 = -u. List the prime factors of (u/1)/3 + 1.
3
Suppose 0*v = 5*v - 135. Let b = -6 + v. Suppose 2*l + 1 = -2*k + b, -k = 4*l - 43. List the prime factors of l.
11
Suppose w - 12 = -3*w. Let n be (-1)/w - (-106)/3. Suppose -8 = 3*t - n. List the prime factors of t.
3
Let t(y) = 6 - y**2 - 3 - 2*y + 0. Let b be t(-3). Let v = b + 6. What are the prime factors of v?
2, 3
Let o(i) = -4*i - 11. Let w = 10 - 8. Let c(y) = -y - 4. Let d(r) = w*o(r) - 7*c(r). List the prime factors of d(-7).
13
Let w be (-4)/4 - -3*1. Suppose 3*t = w*t + 28. Li